40 - -2*3/(-20)?
7
Suppose 2*q - 2427 = 13365. What is the tens digit of q?
9
Suppose -2*t = -6*t + 20. Suppose q - 20 = t*c, -16 = -3*q - 1. What is the tens digit of 6/(-18)*855/c?
9
Let t(y) = 186*y**2 - 87*y - 150. What is the ten thousands digit of t(-10)?
1
Suppose -786 = 3*l - 792. Suppose l*b - 9480 = -13*b. What is the hundreds digit of b?
6
Let p(h) = -6*h - 4. Let r be p(-1). Suppose 2*n = r + 10. Suppose -n*w + 10*w = 32. What is the units digit of w?
8
Let i(t) = -t**2 + 48*t - 24. Let k be i(12). Suppose 180 = 18*p - 17*p + 5*g, 0 = -2*p + 2*g + k. What is the tens digit of p?
0
Suppose -39*y + 16*y = -17*y - 69732. What is the units digit of y?
2
What is the units digit of (3 - 4377*(-1)/4)/((-5)/(-20))?
9
Suppose -s + 5120 = -5*g, -2*g + 1048 = -3*g + 5*s. Let x = 204 + -225. What is the tens digit of (-10)/(-35) + g/x?
4
Suppose 4*s + 1895 = 4*k - 6953, 5*k + 3*s = 11100. What is the units digit of k?
7
Let s be 152/(-56) - -3 - (-14024)/14. Suppose 3*j = 3*v + 756, 4*j + v = 8*j - s. What is the units digit of j?
0
Let o(c) = -596*c**3 + 45*c**2 + 143*c - 5. What is the thousands digit of o(-3)?
6
What is the tens digit of (1 + 0 + 5981)*((-325)/(-10))/13?
5
Let m(c) = -4*c**3 - 2*c**2 - 7*c - 9. Let o = 37 - 40. What is the hundreds digit of m(o)?
1
Suppose 0 = -5*x + 4*y + 482475 - 189987, -y + 58485 = x. What is the units digit of x?
2
Let t be 3/((3/(-5))/(32/(-80))). Let d(r) = 95*r**3 - 3*r**2 + r + 1. What is the tens digit of d(t)?
5
Suppose 47*y = -2*y + 318941. What is the units digit of y?
9
Let n = 1763 - -3258. What is the thousands digit of n?
5
Suppose -4*i - 2*n = 1026, 3*i + 752 = -7*n + 2*n. Let d = i + 292. What is the tens digit of d?
3
Suppose -2*i + 88 = 6*k - 2*k, -4*k + 160 = 4*i. Let l = -31 + i. Suppose -3*z = l*c - 201, 3*z = 4*z + 2*c - 66. What is the units digit of z?
2
Suppose 12*x + 6 = 15*x. Suppose 3*p = 2*c - 37, 0*c - c = -x*p - 17. Suppose 3*z + c = 131. What is the units digit of z?
6
Let w(v) = -v**3 - 2*v - 4. Let d be w(-2). Suppose -3*t - 65 = -d*t. Let l = t - -110. What is the tens digit of l?
2
Let t be (75/50)/((-2)/(-20)). Suppose 3*s - 2*w + 11 = -3*w, -5*w + t = s. What is the hundreds digit of 5*(s + (-714)/(-15))?
2
Suppose -5*z - 4*u + 20598 = -4*z, 0 = 4*z + 2*u - 82336. What is the tens digit of z?
8
Let o(j) = -812*j + 14006. What is the units digit of o(0)?
6
Suppose -3*s - 3*n + 362 = -s, -5*s = 3*n - 896. Let r = -150 + s. What is the tens digit of r?
2
Let v = 927 + -954. Suppose -2*a + 10*f - 5*f - 27 = 0, 4*f - 42 = 5*a. What is the tens digit of (6/v*a)/(18/1161)?
8
Let f = 88702 - 55700. What is the thousands digit of f?
3
Let w(o) = 27*o**3 - 9*o**2 - 6*o + 22. What is the units digit of w(4)?
2
Let p(f) = 8*f + 12. Let w be p(-7). Let v = 27 + w. Let t = v + 36. What is the tens digit of t?
1
Suppose -9*i = -20 + 2. Suppose -i*r - 3*o + 2041 = 2*o, 3 = o. What is the hundreds digit of r?
0
Let v(s) = -89*s - 96. What is the thousands digit of v(-32)?
2
Let i = -6352 + 19921. What is the thousands digit of i?
3
Suppose -13865 = -2*x + 42*q - 45*q, -q = -2*x + 13853. What is the units digit of x?
8
Let s(y) be the second derivative of y**4/3 - y**3/6 - 27*y**2 - 78*y. What is the units digit of s(9)?
1
Suppose -r + 2*j + 58 = 1, 5*r + 5*j - 255 = 0. Let p = 408 - r. Let a = -242 + p. What is the hundreds digit of a?
1
Suppose -c - 8 = -12. Suppose -4*u - 3*v = -41 - 710, 2*u = c*v + 348. What is the tens digit of u?
8
Let x(i) = -i**3 - 3*i**2 + 4*i + 10. Let u be x(-2). Let y be u*(-3 + (-27)/(-6)). Let q = 26 - y. What is the tens digit of q?
2
What is the units digit of (1 - -7857) + 306/(-306)?
7
Let i be 2 + -6 + 2 + 5 - -2006. Suppose 10*a = 4071 + i. What is the tens digit of a?
0
Let m = 21602 + -10045. What is the units digit of m?
7
Let z be 1 + -10 + 3 + -6. What is the hundreds digit of z/(-32) - (-5242)/16?
3
Suppose -5*m - 32 = -j + 4*j, 3*m = -4*j - 17. Let o(k) = k**3 + 7*k**2 + k + 8. Let v be o(m). What is the units digit of v/5 + 1156/20?
8
Let i = -301 - -407. Suppose -3270 = -112*m + i*m. What is the hundreds digit of m?
5
Let p = 17162 - 3974. What is the ten thousands digit of p?
1
Let t be 11 - ((-48)/36)/(2/3). Suppose -573 = t*p - 2653. What is the tens digit of p?
6
Let v(y) = -y**3 + 4*y**2 + 5*y - 1. Let a be v(5). Let s be a/(2/(-248)) - -1. Suppose 6*r - 2*r + m = 235, 3*m - s = -2*r. What is the units digit of r?
8
What is the thousands digit of ((-20)/310 + (-204284)/93)/((-2)/3)?
3
Let o be 41/(9/(-6) + 1). Let x be 1*o/4 + (-11)/22. What is the tens digit of (-1152)/x + (-2)/(-14)?
5
Suppose m - 19 = 5*w, -3*m + 10 = 2*w + 4. Suppose 29 = 5*f + m. Suppose 3*t = 3*p - 312, -5*p + 516 = 4*t - f*t. What is the hundreds digit of p?
1
Let i = -26 + 87. Let y = 93 + i. Suppose 4*x - 6*x + y = 0. What is the units digit of x?
7
Let m(s) = 148*s - 14 - 153*s - 4. Let g be m(-6). Suppose 40*x - 37*x = g. What is the units digit of x?
4
Suppose -3*q - 2999 - 967 = -5*g, 2*g - 1571 = -q. What is the hundreds digit of g?
7
Suppose p + 0*p + 30348 = s, 91030 = 3*s - p. What is the tens digit of s?
4
Let w(a) be the third derivative of 38*a**2 - 1/3*a**3 + 0 + 0*a + 9/8*a**4. What is the units digit of w(4)?
6
Let d(t) = -2*t**3 - 15*t**2 + 113*t + 4. What is the tens digit of d(-17)?
7
Let m(a) = a**2 + 18*a - 44. Let h be m(-44). Let x = h - 157. What is the hundreds digit of x?
9
Suppose 0 = 11*c + 8*c. Suppose c = -2*b + 5202 - 1532. What is the tens digit of b?
3
Suppose 0 = -m + d - 11, 2*d + 2 = -2*m - 0. What is the tens digit of (2 - (-139)/m)/((-1)/6)?
2
What is the tens digit of 282148/30 + (-38)/(-570)?
0
Suppose 1634*n = 1660*n - 37726. What is the units digit of n?
1
What is the units digit of (-22235225)/95*((-12)/(-15))/(-4)?
1
Let a be 1 + 0 + 18760/(-56). Let z = a + 698. What is the units digit of z?
4
Let z(b) = 9*b**2 - 11*b + 18. Let l be z(3). What is the units digit of 58663/l + (-2)/(-12)?
9
Let m(x) = 15 - 10 + 2*x - 3 - 7*x**2. Let u be m(-1). What is the units digit of (-138)/u - 8/(-28)?
0
Let k(o) = 5*o**2 - 7*o + 19. Suppose -3*u - 27 = 3*t, 11*u - 10*u = 2*t + 21. What is the hundreds digit of k(t)?
5
Suppose 5*w - 2*y = -3*y + 230, 0 = -5*y - 25. Let k = w - 45. Suppose 0 = -k*g - 2, -g + 4*g = -5*i + 37. What is the units digit of i?
8
Let h(v) = 11*v**2 - 15*v + 57. Let x be h(8). Suppose -380 = 637*k - x*k. What is the units digit of k?
5
Let o be (-11)/((-22)/4) - 24. Let b = 98 + o. Suppose -14*w - b = -3142. What is the hundreds digit of w?
2
Let g(b) = -6*b**2 + 23 + 6*b**2 + 4*b**2 + 8*b - 5*b. What is the tens digit of g(-12)?
6
Let o be (0 - 50548/(-44)) + 6/33. Let i = o - 374. What is the tens digit of i?
7
Let n = 0 - 12. Let j(s) = s + 8. Let q be j(n). What is the tens digit of q + 63/15 - (-1009)/5?
0
Let k(s) = -s**3 + s**2 - 22*s - 20. Let p be k(0). Let n(m) = -15*m - 71. What is the hundreds digit of n(p)?
2
Let l(p) = 19 + 15 - 4*p + 8*p + 2. What is the tens digit of l(40)?
9
Let a = -224 - -233. Suppose 428 = a*i + 86. What is the tens digit of i?
3
Let m(j) = j**2 + 8*j - 24. Suppose -189 = -3*k + 3*r, -5*k + r = 2*r - 345. Let s = k + -79. What is the units digit of m(s)?
9
Suppose -25*l - 51 + 79 = -172. Suppose 0 = -4*a + r - 17, -6 - 7 = 3*a - r. What is the hundreds digit of (-5 + l + a)*-168?
1
Suppose -4522486 = -161*z + 2623016. What is the tens digit of z?
8
What is the thousands digit of 7005/2 - (5 - (-77)/(-22))?
3
Let h = -112 + 112. Suppose 5*p - 2289 + 589 = h. Let a = p - 126. What is the hundreds digit of a?
2
Let s be (-6)/(-27) - (-35)/45. Let i be (-7*1/(-21))/(s/9). Suppose -h = -1, 2*b + i*h = 2*h + 151. What is the tens digit of b?
7
Let y = 8335 + 10509. What is the ten thousands digit of y?
1
Let z(d) = -7*d - 45. Let h be z(11). Let x = 233 + h. What is the tens digit of x?
1
Let y = -69 + 45. Let w be 4*-3*(-16)/y. What is the tens digit of w/2*(-1 - 7)?
3
Suppose -11 = d - 9, -14 = -2*q + 5*d. What is the hundreds digit of (-658)/14*(-9 - q)?
5
Let k = -143 + 143. Suppose k*m = -m + h + 229, m - 2*h - 233 = 0. What is the hundreds digit of m?
2
Let l(t) = -2*t**2 + t - 110. Let n be l(0). Suppose 2*k + 145 + 167 = 0. Let d = n - k. What is the tens digit 